3, 3073813
List the prime factors of 839966023.
13, 64612771
What are the prime factors of 3426543660?
2, 3, 5, 307, 186023
What are the prime factors of 1403300789?
11, 127572799
List the prime factors of 122119419.
3, 1667, 24419
What are the prime factors of 4382529473?
7, 4397, 20341
List the prime factors of 198285924.
2, 3, 16523827
List the prime factors of 1252585798.
2, 1543, 405893
What are the prime factors of 126082396?
2, 11, 2865509
What are the prime factors of 742190965?
5, 43, 61, 56591
What are the prime factors of 48529376?
2, 7, 216649
What are the prime factors of 1995607520?
2, 5, 12472547
List the prime factors of 1973228891.
151, 3593, 3637
List the prime factors of 913176085.
5, 71, 2572327
What are the prime factors of 108988987?
127, 131, 6551
List the prime factors of 2089674258.
2, 3, 7, 49754149
What are the prime factors of 1545580027?
29, 509, 104707
List the prime factors of 167779478.
2, 83889739
List the prime factors of 120905325.
3, 5, 179119
What are the prime factors of 26449164?
2, 3, 7, 103, 1019
What are the prime factors of 181168294?
2, 127, 713261
List the prime factors of 45137989.
13, 3472153
List the prime factors of 428917770.
2, 3, 5, 47, 101399
List the prime factors of 54320835.
3, 5, 31, 116819
What are the prime factors of 3226370619?
3, 17, 4423, 14303
List the prime factors of 1652530522.
2, 11131, 74231
What are the prime factors of 63268567?
63268567
List the prime factors of 43509683.
7, 6215669
List the prime factors of 1190079516.
2, 3, 19, 557, 9371
List the prime factors of 204058394.
2, 41, 139, 17903
List the prime factors of 59051273.
739, 79907
List the prime factors of 919686451.
17, 43, 457, 2753
What are the prime factors of 2428429793?
47, 59, 875741
List the prime factors of 6308689607.
11, 573517237
What are the prime factors of 99584121?
3, 7, 13, 31, 41
List the prime factors of 377148577.
13, 29011429
What are the prime factors of 239019058?
2, 97, 179, 6883
List the prime factors of 1265794998.
2, 3, 13, 1039, 15619
What are the prime factors of 1107026747?
1107026747
What are the prime factors of 31166144?
2, 486971
List the prime factors of 316284830.
2, 5, 17, 19, 181, 541
What are the prime factors of 447378764?
2, 7, 1087, 14699
List the prime factors of 34555727.
34555727
What are the prime factors of 14384081?
211, 68171
What are the prime factors of 1474794754?
2, 67, 457, 24083
List the prime factors of 8916353574.
2, 3, 5927, 250727
List the prime factors of 45792851.
13, 919, 3833
What are the prime factors of 68362973?
7, 9766139
What are the prime factors of 959253599?
15817, 60647
List the prime factors of 156632394.
2, 3, 26105399
List the prime factors of 374320361.
47, 7964263
What are the prime factors of 43882544?
2, 71, 38629
List the prime factors of 1392022892.
2, 13, 1951, 13721
List the prime factors of 1808440194.
2, 3, 11, 37, 269, 2753
What are the prime factors of 1050030?
2, 3, 5, 3889
List the prime factors of 4178041750.
2, 5, 101, 337, 491
What are the prime factors of 609079520?
2, 5, 7, 43, 12647
List the prime factors of 1002352506.
2, 3, 167058751
List the prime factors of 1167006069.
3, 43222447
What are the prime factors of 91431729?
3, 17, 597593
List the prime factors of 23936235.
3, 5, 1595749
What are the prime factors of 34971489?
3, 7, 389, 1427
What are the prime factors of 4183070975?
5, 167322839
List the prime factors of 6593438.
2, 431, 7649
What are the prime factors of 763988602?
2, 13, 17, 1728481
List the prime factors of 85530528.
2, 3, 296981
What are the prime factors of 5028919508?
2, 1257229877
List the prime factors of 164520109.
13, 53, 238781
List the prime factors of 27063266.
2, 13531633
What are the prime factors of 4777906875?
3, 5, 7, 364031
List the prime factors of 1014263155.
5, 269, 754099
What are the prime factors of 30258403?
7, 293, 14753
List the prime factors of 5859138843.
3, 449, 491, 2953
List the prime factors of 14044517.
2393, 5869
What are the prime factors of 324583813?
71, 4571603
List the prime factors of 66643497.
3, 7404833
What are the prime factors of 226746674?
2, 7, 11, 1153, 1277
What are the prime factors of 3485338?
2, 1742669
What are the prime factors of 12601201?
37, 340573
List the prime factors of 124261342.
2, 3041, 20431
What are the prime factors of 15503635?
5, 7, 442961
What are the prime factors of 900123472?
2, 43, 79, 16561
What are the prime factors of 167877299?
23, 71, 223, 461
What are the prime factors of 82314850?
2, 5, 17, 113, 857
What are the prime factors of 7222896628?
2, 101, 311, 57487
List the prime factors of 773584533.
3, 28651279
What are the prime factors of 73380034?
2, 7, 13, 29, 13903
What are the prime factors of 38521903?
7, 5503129
What are the prime factors of 1087768234?
2, 7, 1019, 76249
List the prime factors of 2539354707.
3, 282150523
List the prime factors of 268846573.
268846573
What are the prime factors of 201804034?
2, 487, 207191
List the prime factors of 33370305.
3, 5, 2224687
What are the prime factors of 1380072109?
13, 106159393
List the prime factors of 217312810.
2, 5, 11, 13, 151967
List the prime factors of 1537587937.
43, 35757859
What are the prime factors of 8306416?
2, 519151
List the prime factors of 788647726.
2, 394323863
List the prime factors of 25803883.
7, 41, 89909
List the prime factors of 2393331575.
5, 29, 3301147
List the prime factors of 50145950.
2, 5, 53, 127, 149
List the prime factors of 9949158.
2, 3, 552731
What are the prime factors of 1357513561?
1357513561
What are the prime factors of 7541010435?
3, 5, 7, 71819147
What are the prime factors of 368433162?
2, 3, 809, 25301
What are the prime factors of 37371598?
2, 11, 1698709
What are the prime factors of 3455166388?
2, 619, 1395463
List the prime factors of 3675185139.
3, 1237, 990349
What are the prime factors of 66824765?
5, 7, 1909279
What are the prime factors of 60888091?
11, 5535281
List the prime factors of 1211632148.
2, 31, 9771227
List the prime factors of 2454877467.
3, 7, 313, 124493
What are the prime factors of 1116087653?
1116087653
List the prime factors of 552691841.
13, 42514757
List the prime factors of 3933686223.
3, 19, 23004013
What are the prime factors of 346119142?
2, 293, 590647
List the prime factors of 101067268.
2, 191, 132287
What are the prime factors of 9690981?
3, 23, 140449
What are the prime factors of 1990506068?
2, 497626517
List the prime factors of 121918769.
7, 197, 88411
What are the prime factors of 4892199421?
307, 1013, 15731
What are the prime factors of 1520681191?
79, 19249129
List the prime factors of 8818637.
23, 383419
List the prime factors of 1329153627.
3, 37, 2927, 4091
What are the prime factors of 244160071?
244160071
List the prime factors of 14539913.
17, 373, 2293
List the prime factors of 3902228016.
2, 3, 47, 1729711
List the prime factors of 8017770.
2, 3, 5, 267259
What are the prime factors of 60091948?
2, 7, 2146141
What are the prime factors of 8630010?
2, 3, 5, 31963
What are the prime factors of 44371891?
4783, 9277
What are the prime factors of 73148055?
3, 5, 139, 35083
List the prime factors of 10992099.
3, 3664033
What are the prime factors of 310102905?
3, 5, 7, 23, 73, 1759
List the prime factors of 4017443.
4017443
What are the prime factors of 195587029?
11, 31, 573569
What are the prime factors of 3263013800?
2, 5, 16315069
List the prime factors of 219083906.
2, 79, 1386607
List the prime factors of 9961386.
2, 3, 1660231
List the prime factors of 2842585599.
3, 7, 317, 61001
What are the prime factors of 170158078?
2, 761, 111799
List the prime factors of 73831725.
3, 5, 11, 23, 1297
List the prime factors of 41246378.
2, 19, 1085431
List the prime factors of 2789712789.
3, 167, 1109, 5021
List the prime factors of 435471032.
2, 19, 349, 8209
List the prime factors of 477365339.
11, 43396849
What are the prime factors of 586273137?
3, 43, 4544753
What are the prime factors of 5235699493?
5235699493
List the prime factors of 170479926.
2, 3, 9471107
What are the prime factors of 1347557208?
2, 3, 137, 409841
What are the prime factors of 422364830?
2, 5, 17, 101, 1447
What are the prime factors of 3774162?
2, 3, 7, 23, 3907
What are the prime factors of 674706